3361 a prime number?
False
Is 75869 composite?
False
Is 5981 a composite number?
False
Is 146603 a composite number?
False
Is 30757 prime?
True
Is 80039 composite?
False
Is 202234 a prime number?
False
Is 1034674 a prime number?
False
Is 181711 a composite number?
False
Is 218249 prime?
True
Is 6803 composite?
False
Is 23497 a prime number?
True
Is 10529 a prime number?
True
Is 48371 composite?
False
Is 60657 a composite number?
True
Is 4082447 prime?
True
Is 122911 a prime number?
False
Is 44947 a composite number?
True
Is 12235 a prime number?
False
Is 1183099 a composite number?
True
Is 505927 a prime number?
True
Is 18185 a prime number?
False
Is 85889 composite?
False
Is 19861 prime?
True
Is 1448261 a prime number?
False
Is 3377 composite?
True
Is 337 a composite number?
False
Is 177706 a prime number?
False
Is 18853 a composite number?
True
Is 59957 composite?
False
Is 8491 a composite number?
True
Is 8571 composite?
True
Is 82457 composite?
False
Is 23753 a prime number?
True
Is 87501 prime?
False
Is 610271 a composite number?
False
Is 1439913 a composite number?
True
Is 9533 composite?
False
Is 14969 a composite number?
False
Is 81059 a composite number?
True
Is 47371 a composite number?
True
Is 43219 prime?
False
Is 187751 a composite number?
False
Is 124385 a prime number?
False
Is 1513 composite?
True
Is 39511 a composite number?
False
Is 927589 prime?
False
Is 65887 a prime number?
False
Is 38579 a composite number?
True
Is 62171 prime?
True
Is 601751 composite?
False
Is 7711 composite?
True
Is 176533 prime?
False
Is 818029 a prime number?
False
Is 65893 composite?
True
Is 2210009 a prime number?
True
Is 58622 prime?
False
Is 11129 a prime number?
False
Is 344321 a composite number?
False
Is 291721 composite?
False
Is 2326 a composite number?
True
Is 157999 a composite number?
False
Is 78053 composite?
True
Is 6143 a composite number?
False
Is 3309 a prime number?
False
Is 6739 prime?
False
Is 5087 a prime number?
True
Is 982609 prime?
False
Is 21961 a prime number?
True
Is 884257 composite?
True
Is 4237 a prime number?
False
Is 124205 a composite number?
True
Is 4218685 a composite number?
True
Is 473549 composite?
False
Is 10211 a prime number?
True
Is 11887 composite?
False
Is 5519 prime?
True
Is 5147 a composite number?
False
Is 373063 a composite number?
False
Is 850177 a prime number?
True
Is 6167 a prime number?
False
Is 22303 prime?
True
Is 1059 prime?
False
Is 13511 a composite number?
True
Is 44017 a composite number?
False
Is 39817 prime?
False
Is 578329 composite?
True
Is 140169 composite?
True
Is 377473 a prime number?
False
Is 707849 a composite number?
False
Is 1055 a prime number?
False
Is 12181 a prime number?
False
Is 83051 a prime number?
False
Is 679 a composite number?
True
Is 55531 a composite number?
True
Is 90329 a prime number?
False
Is 224771 prime?
True
Is 21829 prime?
False
Is 7499 a prime number?
True
Is 25253 composite?
False
Is 2339879 a prime number?
True
Is 16361 composite?
False
Is 5981 a prime number?
True
Is 86923 a prime number?
True
Is 3679 a composite number?
True
Is 5209 a prime number?
True
Is 945601 a composite number?
False
Is 155567 a composite number?
True
Is 32107 prime?
False
Is 3821 a composite number?
False
Is 127943 prime?
False
Is 18787 composite?
False
Is 1257 a composite number?
True
Is 135977 a prime number?
True
Is 15221 a prime number?
False
Is 4267 composite?
True
Is 1035211 a composite number?
False
Is 43863 prime?
False
Is 864151 a prime number?
True
Is 12151 composite?
True
Is 13397 a prime number?
True
Is 28309 prime?
True
Is 2002615 a prime number?
False
Is 11521 composite?
True
Is 88187 a prime number?
False
Is 358163 composite?
True
Is 12193 a prime number?
False
Is 54721 a prime number?
True
Is 3221 a prime number?
True
Is 701 a prime number?
True
Is 206153 a composite number?
False
Is 1361 a prime number?
True
Is 61151 a prime number?
True
Is 45809 composite?
True
Is 6197 a prime number?
True
Is 16249 composite?
False
Is 631 a prime number?
True
Is 184823 a prime number?
True
Is 8951 a prime number?
True
Is 3478099 composite?
False
Is 52243 a composite number?
True
Is 587 a composite number?
False
Is 1043 prime?
False
Is 11549 composite?
False
Is 1057639 a composite number?
True
Is 12791 composite?
False
Is 293963 a composite number?
True
Is 59539 a composite number?
False
Is 66273 a composite number?
True
Is 4547 a composite number?
False
Is 3407 a prime number?
True
Is 273103 a prime number?
False
Is 1446559 a prime number?
True
Is 146819 composite?
False
Is 262705 a prime number?
False
Is 352913 composite?
True
Is 233819 a prime number?
False
Is 1523 composite?
False
Is 35138 composite?
True
Is 15101 a composite number?
False
Is 2132635 a composite number?
True
Is 155483 composite?
True
Is 54121 composite?
False
Is 20329 composite?
True
Is 281963 a prime number?
False
Is 92273 a prime number?
False
Is 187969 prime?
False
Is 23929 a composite number?
False
Is 7039 composite?
False
Is 5677 prime?
False
Is 25273 composite?
True
Is 1784989 a composite number?
False
Is 1786541 prime?
True
Is 6922 prime?
False
Is 27301 prime?
False
Is 1693 composite?
False
Is 903739 prime?
False
Is 1783 a prime number?
True
Is 270281 a composite number?
True
Is 48629 a composite number?
True
Is 14981 a composite number?
True
Is 129841 a composite number?
False
Is 269405 prime?
False
Is 1315 a composite number?
True
Is 43237 composite?
False
Is 18041 composite?
False
Is 501457 a composite number?
True
Is 12695 a prime number?
False
Is 157 a prime number?
True
Is 10499 prime?
True
Is 106478 a prime number?
False
Is 211313 prime?
True
Is 41739 prime?
False
Is 4035259 a composite number?
False
Is 304289 prime?
False
Is 65357 prime?
True
Is 123649 a prime number?
False
Is 2163713 a prime number?
False
Is 7363 composite?
True
Is 26147 a prime number?
False
Is 483611 prime?
True
Is 1405331 a prime number?
False
Is 1211167 a composite number?
False
Is 442945 a prime number?
False
Is 11953 composite?
False
Is 3491 prime?
True
Is 3433 a prime number?
True
Is 158489 prime?
True
Is 11909 composite?
False
Is 1266899 a composite number?
False
Is 531731 composite?
False
Is 19373 a composite number?
False
Is 27361 composite?
False
Is 330707 prime?
False
Is 389 prime?
True
Is 2629 a composite number?
True
Is 26689 a prime number?
False
Is 263257 prime?
True
Is 589409 a composite number?
False
Is 9806 prime?
False
Is 82135 composite?
True
Is 6866 a composite number?
True
Is 46499 composite?
False
Is 162979 a composite number?
True
Is 361069 prime?
True
Is 184949 a prime number?
True
Is 216689 prime?
False
Is 4661 composite?
True
Is 1739 a prime number?
False
Is 1067 a prime number?
False
Is 110059 prime?
True
Is 30803 prime?
True
Is 12053 a composite number?
True
Is 768653 a prime number?
True
Is 98171 composite?
True
Is 306713 prime?
False
Is 3505 prime?
False
Is 4049 a prime number?
True
Is 211039 composite?
False
Is 294389 a prime number?
False
Is 33049 a composite number?
False
Is 3274 prime?
False
Is 27769 composite?
True
Is 43573 a prime number?
True
Is 10133 composite?
False
Is 10966 composite?
True
Is 217439 prime?
True
Is 2045 composite?
True
Is 25097 a composite number?
False
Is 16111 a composite number?
False
Is 1005149 a prime number?
False
Is 13646 a composite number?
True
Is 4783 a composite number?
False
Is 84551 composite?
False
Is 12689 a composite number?
False
Is 58601 prime?
True
Is 40191 a prime number?
False
Is 435745 prime?
False
Is 260609 composite?
False
Is 277709 composite?
True
Is 16279 a composite number?
True
Is 86921 prime?
False
Is 1397 a composite number?
True
Is 3455 composite?
True
Is 945803 prime?
False
Is 225859 a prime number?
True
Is 47221 a prime number?
True
Is 5581 composite?
False
Is 8747 a composite number?
False
Is 52435 composite?
True
Is 10223 prime?
True
Is 4201 a composite number?
False
Is 257707 prime?
True
Is 2051 prime?
False
Is 79967 a composite number?
False
Is 2605 a prime number?
False
Is 179599 prime?
False
Is 38219 prime?
True
Is 674393 prime?
True
Is 58787 a composite number?
False
Is 473257 prime?
True
Is 4647 a composite number?
True
Is 302297 a prime number?
True
Is 15131 composite?
False
Is 385811 prime?
True
Is 9613 prime?
True
Is 752699